{"id":444,"date":"2016-02-13T12:54:09","date_gmt":"2016-02-13T12:54:09","guid":{"rendered":"http:\/\/demo.djmimi.net\/themes\/industry\/?page_id=6"},"modified":"2022-05-03T10:17:56","modified_gmt":"2022-05-03T08:17:56","slug":"news","status":"publish","type":"page","link":"https:\/\/www.hess-industriemontagen.de\/index.php\/news\/","title":{"rendered":"Stellen"},"content":{"rendered":"<p>[vc_row][vc_column][vc_single_image image=&#8221;1142&#8243; img_size=&#8221;full&#8221; css=&#8221;.vc_custom_1505808386091{margin-bottom: 20px !important;}&#8221;]<div class=\"ind-title-wrap\"><h5 style=\"\" class=\"ind-title\">Stellenangebote<\/p>\n<p>Familienfreundliche Arbeitszeit  ( 7.00 \u2013 15.30 Uhr )<\/p>\n<p><\/h5><\/div>[vc_empty_space height=&#8221;10px&#8221;][\/vc_column][\/vc_row][vc_row][vc_column][vc_tta_accordion active_section=&#8221;200&#8243; collapsible_all=&#8221;true&#8221;][vc_tta_section title=&#8221;Industriemechaniker \/ Vorarbeiter (m\/w\/d)&#8221; tab_id=&#8221;1505809516751-579c0329-f330&#8243;][vc_row_inner][vc_column_inner][vc_column_text]<\/p>\n<h3>Industriemechaniker\/ Vorarbeiter (m\/w\/d)<\/h3>\n<p><strong>Anforderungsprofil:<\/strong><\/p>\n<ul>\n<li>Abgeschlossene Berufsausbildung zum Industriemechaniker \/ Betriebsschlosser<\/li>\n<li>Engagement und Lernbereitschaft<\/li>\n<li>Zeitliche Flexibilit\u00e4t<\/li>\n<li>Eigenst\u00e4ndiges, Eigenverantwortliches Arbeiten<\/li>\n<li>Schwei\u00dfkenntnisse in WIG \/ MAG \/ Elektroden w\u00e4ren von Vorteil.<\/li>\n<li>PKW F\u00fchrerschein<\/li>\n<\/ul>\n<h3>Ihr Aufgabengebiet:<\/h3>\n<ul>\n<li>Wartung und Instandsetzungsarbeiten bei unseren Kunden.<\/li>\n<li>Abbauen, verlagern und aufbauen von Einzelmaschinen und Industrieanlagen.<\/li>\n<li>Anfertigen von Schutzeinrichtungen und Anlagenbauteilen.<\/li>\n<li>Vorfertigen von Blech -Kantteilen und kleineren Stahlbauteilen.<\/li>\n<\/ul>\n<h3>Wir bieten Ihnen:<\/h3>\n<ul>\n<li>Einen abwechslungsreichen T\u00e4tigkeitsbereich in verschiedenen Fachrichtungen.<\/li>\n<li>Interne sowie Externe Weiterbildungsm\u00f6glichkeiten.<\/li>\n<li>Eine leistungsorientierte Verg\u00fctung.<\/li>\n<li>Einen sicheren Arbeitsplatz in einem motivierten Team<\/li>\n<li>Diverse soziale Leistungen.<\/li>\n<li>30 Tage Urlaub<\/li>\n<li>\u00dcberdurchschnittliche Zuzahlung zur Altersvorsorge<\/li>\n<\/ul>\n<p>[\/vc_column_text][\/vc_column_inner][\/vc_row_inner][\/vc_tta_section][vc_tta_section title=&#8221;Konstruktionsmechaniker\/Vorarbeiter (m\/w\/d)&#8221; tab_id=&#8221;1505809516781-196a490b-a2ba&#8221;][vc_row_inner][vc_column_inner][vc_column_text]<\/p>\n<h3>Konstruktionsmechaniker\/ Vorarbeiter\u00a0 (m\/w\/d)<\/h3>\n<p><strong>Anforderungsprofil:<\/strong><\/p>\n<ul>\n<li>Abgeschlossene Berufsausbildung zum Konstruktionsmechaniker \/ Bauschlosser<\/li>\n<li>Engagement und Lernbereitschaft<\/li>\n<li>Zeitliche Flexibilit\u00e4t<\/li>\n<li>Eigenst\u00e4ndiges, Eigenverantwortliches Arbeiten<\/li>\n<li>Schwei\u00dfkenntnisse MAG und \/ oder WIG werden erwartet<\/li>\n<li>PKW F\u00fchrerschein<\/li>\n<\/ul>\n<h3>Ihr Aufgabengebiet:<\/h3>\n<ul>\n<li>Bauteile nach Zeichnung oder durch ausmessen und vorskizzieren anfertigen.<\/li>\n<li>Bauteile durch Brennschneiden, Trennschleifen, Scheren, S\u00e4gen und Bohren auf das\u00a0\u00a0geforderte Ma\u00df vorbereiten.<\/li>\n<li>Vorgefertigte Bauteile auf Ma\u00dfhaltigkeit pr\u00fcfen.<\/li>\n<li>Bauteile ausrichten und mit Schwei\u00dfpunkten fixieren.<\/li>\n<li>Bauteile durch Schwei\u00dfen nach jeweiliger Anforderung fertigstellen.<\/li>\n<li>Metallkonstruktionen umbauen oder instand setzen.<\/li>\n<li>Bauteile demontieren z.B. durch Brennschneiden, Trennschleifen und S\u00e4gen.<\/li>\n<\/ul>\n<h3>Wir bieten Ihnen:<\/h3>\n<ul>\n<li>Einen abwechslungsreichen T\u00e4tigkeitsbereich in verschiedenen Fachrichtungen.<\/li>\n<li>Interne sowie Externe Weiterbildungsm\u00f6glichkeiten.<\/li>\n<li>Eine leistungsorientierte Verg\u00fctung.<\/li>\n<li>Einen sicheren Arbeitsplatz in einem motivierten Team.<\/li>\n<li>Diverse soziale Leistungen.<\/li>\n<li>30 Tage Urlaub.<\/li>\n<li>\u00dcberdurchschnittliche Zuzahlung zur Altersvorsorge.<\/li>\n<\/ul>\n<p>[\/vc_column_text][\/vc_column_inner][\/vc_row_inner][\/vc_tta_section][vc_tta_section title=&#8221;Vorrichter \/ Rohrschlosser nach ISO\/Vorarbeiter (m\/w\/d)&#8221; tab_id=&#8221;1505809712565-5f605d42-9101&#8243;][vc_row_inner][vc_column_inner][vc_column_text]<\/p>\n<h3>Vorrichter \/ Rohrschlosser nach ISO\/ Vorarbeiter (m\/w\/d)<\/h3>\n<p><strong>Anforderungsprofil:<\/strong><\/p>\n<ul>\n<li>Abgeschlossene Berufsausbildung zum Rohrschlosser \/ Vorrichter \/ Installateur.<\/li>\n<li>Erfahrungswerte im Bereich fertigen von Rohrleitungen.<\/li>\n<li>Engagement und Lernbereitschaft.<\/li>\n<li>Zeitliche Flexibilit\u00e4t.<\/li>\n<li>Eigenst\u00e4ndiges, Eigenverantwortliches Arbeiten.<\/li>\n<li>Gute Schwei\u00dfkenntnisse in WIG werden erwartet.<\/li>\n<li>PKW F\u00fchrerschein.<\/li>\n<\/ul>\n<h3>Ihr Aufgabengebiet:<\/h3>\n<ul>\n<li>Rohrschlosser-\/ Vorrichterarbeiten.<\/li>\n<li>Sie fertigen nach Isometrie oder nach Absprache Produktleitungen in vorwiegend regionalen Industriebetrieben oder in unseren Werkst\u00e4tten. Dies beginnt vom Ausmessen vor Ort, \u00fcber die Vorfertigung der Leitungen und Halterungen, bis zur Endmontage ggf. mit Druckprobe.<\/li>\n<li>Durchf\u00fchren von Installationen und Reparaturen.<\/li>\n<li>Gute Schwei\u00dfkenntnisse in WIG werden erwartet.<\/li>\n<\/ul>\n<h3>Wir bieten Ihnen:<\/h3>\n<ul>\n<li>Einen abwechslungsreichen T\u00e4tigkeitsbereich in verschiedenen Fachrichtungen.<\/li>\n<li>Interne sowie Externe Weiterbildungsm\u00f6glichkeiten.<\/li>\n<li>Eine leistungsorientierte Verg\u00fctung.<\/li>\n<li>Einen sicheren Arbeitsplatz in einem motivierten Team.<\/li>\n<li>Diverse soziale Leistungen.<\/li>\n<li>30 Tage Urlaub.<\/li>\n<li>\u00dcberdurchschnittliche Zuzahlung zur Altersvorsorge.<\/li>\n<\/ul>\n<p>[\/vc_column_text][\/vc_column_inner][\/vc_row_inner][\/vc_tta_section][\/vc_tta_accordion][\/vc_column][\/vc_row]<\/p>\n","protected":false},"excerpt":{"rendered":"<p>[vc_row][vc_column][vc_single_image image=&#8221;1142&#8243; img_size=&#8221;full&#8221; css=&#8221;.vc_custom_1505808386091{margin-bottom: 20px !important;}&#8221;][vc_empty_space height=&#8221;10px&#8221;][\/vc_column][\/vc_row][vc_row][vc_column][vc_tta_accordion active_section=&#8221;200&#8243; collapsible_all=&#8221;true&#8221;][vc_tta_section title=&#8221;Industriemechaniker \/ Vorarbeiter (m\/w\/d)&#8221; tab_id=&#8221;1505809516751-579c0329-f330&#8243;][vc_row_inner][vc_column_inner][vc_column_text] Industriemechaniker\/ Vorarbeiter (m\/w\/d) Anforderungsprofil: Abgeschlossene Berufsausbildung zum Industriemechaniker \/ Betriebsschlosser Engagement und Lernbereitschaft Zeitliche Flexibilit\u00e4t Eigenst\u00e4ndiges, Eigenverantwortliches Arbeiten Schwei\u00dfkenntnisse in WIG \/ MAG \/ Elektroden w\u00e4ren von Vorteil. PKW F\u00fchrerschein Ihr Aufgabengebiet: Wartung und Instandsetzungsarbeiten bei unseren Kunden. Abbauen, verlagern und [&hellip;]<\/p>\n","protected":false},"author":1,"featured_media":0,"parent":0,"menu_order":0,"comment_status":"closed","ping_status":"closed","template":"page-tpl_full_width.php","meta":{"footnotes":""},"class_list":["post-444","page","type-page","status-publish","hentry"],"yoast_head":"<!-- This site is optimized with the Yoast SEO plugin v25.7 - https:\/\/yoast.com\/wordpress\/plugins\/seo\/ -->\n<title>Stellen - He\u00df - Industriemontagen GmbH<\/title>\n<meta name=\"robots\" content=\"index, follow, max-snippet:-1, max-image-preview:large, max-video-preview:-1\" \/>\n<link rel=\"canonical\" href=\"https:\/\/www.hess-industriemontagen.de\/index.php\/news\/\" \/>\n<meta property=\"og:locale\" content=\"de_DE\" \/>\n<meta property=\"og:type\" content=\"article\" \/>\n<meta property=\"og:title\" content=\"Stellen - He\u00df - Industriemontagen GmbH\" \/>\n<meta property=\"og:description\" content=\"[vc_row][vc_column][vc_single_image image=&#8221;1142&#8243; img_size=&#8221;full&#8221; css=&#8221;.vc_custom_1505808386091{margin-bottom: 20px !important;}&#8221;][vc_empty_space height=&#8221;10px&#8221;][\/vc_column][\/vc_row][vc_row][vc_column][vc_tta_accordion active_section=&#8221;200&#8243; collapsible_all=&#8221;true&#8221;][vc_tta_section title=&#8221;Industriemechaniker \/ Vorarbeiter (m\/w\/d)&#8221; tab_id=&#8221;1505809516751-579c0329-f330&#8243;][vc_row_inner][vc_column_inner][vc_column_text] Industriemechaniker\/ Vorarbeiter (m\/w\/d) Anforderungsprofil: Abgeschlossene Berufsausbildung zum Industriemechaniker \/ Betriebsschlosser Engagement und Lernbereitschaft Zeitliche Flexibilit\u00e4t Eigenst\u00e4ndiges, Eigenverantwortliches Arbeiten Schwei\u00dfkenntnisse in WIG \/ MAG \/ Elektroden w\u00e4ren von Vorteil. PKW F\u00fchrerschein Ihr Aufgabengebiet: Wartung und Instandsetzungsarbeiten bei unseren Kunden. Abbauen, verlagern und [&hellip;]\" \/>\n<meta property=\"og:url\" content=\"https:\/\/www.hess-industriemontagen.de\/index.php\/news\/\" \/>\n<meta property=\"og:site_name\" content=\"He\u00df - Industriemontagen GmbH\" \/>\n<meta property=\"article:modified_time\" content=\"2022-05-03T08:17:56+00:00\" \/>\n<meta name=\"twitter:card\" content=\"summary_large_image\" \/>\n<meta name=\"twitter:label1\" content=\"Gesch\u00e4tzte Lesezeit\" \/>\n\t<meta name=\"twitter:data1\" content=\"3\u00a0Minuten\" \/>\n<script type=\"application\/ld+json\" class=\"yoast-schema-graph\">{\"@context\":\"https:\/\/schema.org\",\"@graph\":[{\"@type\":\"WebPage\",\"@id\":\"https:\/\/www.hess-industriemontagen.de\/index.php\/news\/\",\"url\":\"https:\/\/www.hess-industriemontagen.de\/index.php\/news\/\",\"name\":\"Stellen - He\u00df - Industriemontagen GmbH\",\"isPartOf\":{\"@id\":\"https:\/\/www.hess-industriemontagen.de\/#website\"},\"datePublished\":\"2016-02-13T12:54:09+00:00\",\"dateModified\":\"2022-05-03T08:17:56+00:00\",\"breadcrumb\":{\"@id\":\"https:\/\/www.hess-industriemontagen.de\/index.php\/news\/#breadcrumb\"},\"inLanguage\":\"de\",\"potentialAction\":[{\"@type\":\"ReadAction\",\"target\":[\"https:\/\/www.hess-industriemontagen.de\/index.php\/news\/\"]}]},{\"@type\":\"BreadcrumbList\",\"@id\":\"https:\/\/www.hess-industriemontagen.de\/index.php\/news\/#breadcrumb\",\"itemListElement\":[{\"@type\":\"ListItem\",\"position\":1,\"name\":\"Startseite\",\"item\":\"https:\/\/www.hess-industriemontagen.de\/\"},{\"@type\":\"ListItem\",\"position\":2,\"name\":\"Stellen\"}]},{\"@type\":\"WebSite\",\"@id\":\"https:\/\/www.hess-industriemontagen.de\/#website\",\"url\":\"https:\/\/www.hess-industriemontagen.de\/\",\"name\":\"He\u00df - Industriemontagen GmbH\",\"description\":\"\",\"publisher\":{\"@id\":\"https:\/\/www.hess-industriemontagen.de\/#organization\"},\"potentialAction\":[{\"@type\":\"SearchAction\",\"target\":{\"@type\":\"EntryPoint\",\"urlTemplate\":\"https:\/\/www.hess-industriemontagen.de\/?s={search_term_string}\"},\"query-input\":{\"@type\":\"PropertyValueSpecification\",\"valueRequired\":true,\"valueName\":\"search_term_string\"}}],\"inLanguage\":\"de\"},{\"@type\":\"Organization\",\"@id\":\"https:\/\/www.hess-industriemontagen.de\/#organization\",\"name\":\"He\u00df Industriemontagen GmbH\",\"url\":\"https:\/\/www.hess-industriemontagen.de\/\",\"logo\":{\"@type\":\"ImageObject\",\"inLanguage\":\"de\",\"@id\":\"https:\/\/www.hess-industriemontagen.de\/#\/schema\/logo\/image\/\",\"url\":\"https:\/\/www.hess-industriemontagen.de\/wp-content\/uploads\/2016\/04\/logo125-1.png\",\"contentUrl\":\"https:\/\/www.hess-industriemontagen.de\/wp-content\/uploads\/2016\/04\/logo125-1.png\",\"width\":147,\"height\":125,\"caption\":\"He\u00df Industriemontagen GmbH\"},\"image\":{\"@id\":\"https:\/\/www.hess-industriemontagen.de\/#\/schema\/logo\/image\/\"}}]}<\/script>\n<!-- \/ Yoast SEO plugin. -->","yoast_head_json":{"title":"Stellen - He\u00df - Industriemontagen GmbH","robots":{"index":"index","follow":"follow","max-snippet":"max-snippet:-1","max-image-preview":"max-image-preview:large","max-video-preview":"max-video-preview:-1"},"canonical":"https:\/\/www.hess-industriemontagen.de\/index.php\/news\/","og_locale":"de_DE","og_type":"article","og_title":"Stellen - He\u00df - Industriemontagen GmbH","og_description":"[vc_row][vc_column][vc_single_image image=&#8221;1142&#8243; img_size=&#8221;full&#8221; css=&#8221;.vc_custom_1505808386091{margin-bottom: 20px !important;}&#8221;][vc_empty_space height=&#8221;10px&#8221;][\/vc_column][\/vc_row][vc_row][vc_column][vc_tta_accordion active_section=&#8221;200&#8243; collapsible_all=&#8221;true&#8221;][vc_tta_section title=&#8221;Industriemechaniker \/ Vorarbeiter (m\/w\/d)&#8221; tab_id=&#8221;1505809516751-579c0329-f330&#8243;][vc_row_inner][vc_column_inner][vc_column_text] Industriemechaniker\/ Vorarbeiter (m\/w\/d) Anforderungsprofil: Abgeschlossene Berufsausbildung zum Industriemechaniker \/ Betriebsschlosser Engagement und Lernbereitschaft Zeitliche Flexibilit\u00e4t Eigenst\u00e4ndiges, Eigenverantwortliches Arbeiten Schwei\u00dfkenntnisse in WIG \/ MAG \/ Elektroden w\u00e4ren von Vorteil. PKW F\u00fchrerschein Ihr Aufgabengebiet: Wartung und Instandsetzungsarbeiten bei unseren Kunden. Abbauen, verlagern und [&hellip;]","og_url":"https:\/\/www.hess-industriemontagen.de\/index.php\/news\/","og_site_name":"He\u00df - Industriemontagen GmbH","article_modified_time":"2022-05-03T08:17:56+00:00","twitter_card":"summary_large_image","twitter_misc":{"Gesch\u00e4tzte Lesezeit":"3\u00a0Minuten"},"schema":{"@context":"https:\/\/schema.org","@graph":[{"@type":"WebPage","@id":"https:\/\/www.hess-industriemontagen.de\/index.php\/news\/","url":"https:\/\/www.hess-industriemontagen.de\/index.php\/news\/","name":"Stellen - He\u00df - Industriemontagen GmbH","isPartOf":{"@id":"https:\/\/www.hess-industriemontagen.de\/#website"},"datePublished":"2016-02-13T12:54:09+00:00","dateModified":"2022-05-03T08:17:56+00:00","breadcrumb":{"@id":"https:\/\/www.hess-industriemontagen.de\/index.php\/news\/#breadcrumb"},"inLanguage":"de","potentialAction":[{"@type":"ReadAction","target":["https:\/\/www.hess-industriemontagen.de\/index.php\/news\/"]}]},{"@type":"BreadcrumbList","@id":"https:\/\/www.hess-industriemontagen.de\/index.php\/news\/#breadcrumb","itemListElement":[{"@type":"ListItem","position":1,"name":"Startseite","item":"https:\/\/www.hess-industriemontagen.de\/"},{"@type":"ListItem","position":2,"name":"Stellen"}]},{"@type":"WebSite","@id":"https:\/\/www.hess-industriemontagen.de\/#website","url":"https:\/\/www.hess-industriemontagen.de\/","name":"He\u00df - Industriemontagen GmbH","description":"","publisher":{"@id":"https:\/\/www.hess-industriemontagen.de\/#organization"},"potentialAction":[{"@type":"SearchAction","target":{"@type":"EntryPoint","urlTemplate":"https:\/\/www.hess-industriemontagen.de\/?s={search_term_string}"},"query-input":{"@type":"PropertyValueSpecification","valueRequired":true,"valueName":"search_term_string"}}],"inLanguage":"de"},{"@type":"Organization","@id":"https:\/\/www.hess-industriemontagen.de\/#organization","name":"He\u00df Industriemontagen GmbH","url":"https:\/\/www.hess-industriemontagen.de\/","logo":{"@type":"ImageObject","inLanguage":"de","@id":"https:\/\/www.hess-industriemontagen.de\/#\/schema\/logo\/image\/","url":"https:\/\/www.hess-industriemontagen.de\/wp-content\/uploads\/2016\/04\/logo125-1.png","contentUrl":"https:\/\/www.hess-industriemontagen.de\/wp-content\/uploads\/2016\/04\/logo125-1.png","width":147,"height":125,"caption":"He\u00df Industriemontagen GmbH"},"image":{"@id":"https:\/\/www.hess-industriemontagen.de\/#\/schema\/logo\/image\/"}}]}},"_links":{"self":[{"href":"https:\/\/www.hess-industriemontagen.de\/index.php\/wp-json\/wp\/v2\/pages\/444","targetHints":{"allow":["GET"]}}],"collection":[{"href":"https:\/\/www.hess-industriemontagen.de\/index.php\/wp-json\/wp\/v2\/pages"}],"about":[{"href":"https:\/\/www.hess-industriemontagen.de\/index.php\/wp-json\/wp\/v2\/types\/page"}],"author":[{"embeddable":true,"href":"https:\/\/www.hess-industriemontagen.de\/index.php\/wp-json\/wp\/v2\/users\/1"}],"replies":[{"embeddable":true,"href":"https:\/\/www.hess-industriemontagen.de\/index.php\/wp-json\/wp\/v2\/comments?post=444"}],"version-history":[{"count":64,"href":"https:\/\/www.hess-industriemontagen.de\/index.php\/wp-json\/wp\/v2\/pages\/444\/revisions"}],"predecessor-version":[{"id":1458,"href":"https:\/\/www.hess-industriemontagen.de\/index.php\/wp-json\/wp\/v2\/pages\/444\/revisions\/1458"}],"wp:attachment":[{"href":"https:\/\/www.hess-industriemontagen.de\/index.php\/wp-json\/wp\/v2\/media?parent=444"}],"curies":[{"name":"wp","href":"https:\/\/api.w.org\/{rel}","templated":true}]}}